e -c = 4*c - 205. Let s = -29 + c. Is 9 a factor of s?
False
Let x(q) = -q + 5. Let h be x(0). Let y(f) = -f - 5. Let j be y(h). Let d = j - -25. Is d a multiple of 12?
False
Suppose 0 = 3*v + k - 11, -2*k = -8*v + 3*v. Does 10 divide (v/2 + 9)*3?
True
Let g(b) = 22*b. Suppose -3*h - 4*l = -5*h + 6, 3*h = -2*l + 1. Let d be g(h). Suppose 0 = 2*k - 5*p - d, 2 = k - 5*p - 14. Is 6 a factor of k?
True
Let c(x) = 3*x**2 - 25*x - 20. Let o(w) = 2*w**2 - 13*w - 10. Let t(a) = -3*c(a) + 5*o(a). Let h be t(-12). Suppose -h - 76 = -2*g. Does 14 divide g?
False
Let s be (-1 - -2) + -1 + 104. Is 32 a factor of -1 + -2 + 2 + s?
False
Let s = -28 + 48. Is 5 a factor of s?
True
Does 13 divide (-33)/22*508/6*-1?
False
Let t(w) be the first derivative of 3*w**4/4 - w**2/2 - 2*w - 3. Is t(2) a multiple of 5?
True
Suppose 0 = -2*f + 4*f - 190. Is f a multiple of 27?
False
Let j(v) = -16*v - 11. Is j(-6) a multiple of 17?
True
Suppose 4*l - 66 = 6. Does 9 divide l?
True
Suppose y = -0*y. Suppose 2*q + 96 - 40 = 4*z, -q = y. Is 14 a factor of z?
True
Suppose -5*g - 3*t = t - 425, -4*t - 170 = -2*g. Is g a multiple of 20?
False
Let p = -7 - -26. Does 7 divide p?
False
Suppose 0 = 5*m + 4*w - 18, 2*m + 3*m + 2*w = 14. Suppose m = 2*z - 4. Is z a multiple of 3?
True
Let h = 304 - 217. Does 29 divide h?
True
Suppose r - 2 = -0*r. Let m(o) = -19*o. Let q be m(-1). Does 10 divide 1/r - q/(-2)?
True
Let d = 4 - 0. Let k be (0/d)/(-1 - 1). Suppose s - 4*s + 9 = k. Is 3 a factor of s?
True
Suppose 0 = -6*f + f + 15. Suppose -a = 5 - f. Let b(t) = 3*t**2 + 4*t + 3. Is 7 a factor of b(a)?
True
Suppose 4 = 2*m, -5*m + 0 = -l - 25. Let n(i) = 3*i**3 - i**2 - 3*i - 1. Let x be n(3). Let f = x + l. Is f a multiple of 13?
False
Let q(z) = -4*z - 21. Does 9 divide q(-22)?
False
Let i = -2 - -2. Suppose -m - 21 + 96 = i. Does 25 divide m?
True
Suppose 0 = -2*m - 5*n + 9, n + 10 = 4*m + 3*n. Let a(d) = 9 - 15 + 0*d + m*d. Is 5 a factor of a(10)?
False
Suppose 0 = -3*b - 2*b. Suppose b = 4*m - 7*m - 12. Is (3/2)/((-3)/m) even?
True
Suppose 0 = 6*w - w. Suppose a = 2*t + 20, w = 5*a - a - 5*t - 65. Is 5 a factor of a?
True
Suppose -57*p + 60*p - 234 = 0. Is 12 a factor of p?
False
Let s be (0 - 3)/(0 - 1). Suppose 5*k + s*a = -398, -4*k = -2*a + 5*a + 316. Is 20 a factor of k/(-2) - 0/(-4)?
False
Let l = 49 - 22. Is l a multiple of 11?
False
Let y be 0 - 2*(-3)/6. Let f be 104/12 - y/(-3). Let h = f + 1. Is 5 a factor of h?
True
Let o = -1 - -1. Suppose 3*s + 4 - 85 = o. Does 15 divide s?
False
Suppose -5*g + 416 = -2*g + 2*m, 0 = 2*g - 2*m - 264. Does 34 divide g?
True
Let k = -22 + 34. Is k a multiple of 6?
True
Let j = -4 - -9. Suppose 0 = 3*u - 0*p - p - 62, 5*u - 90 = -j*p. Is u a multiple of 9?
False
Let l be (-9)/(18/8) + 7. Is l - (2 + (-4 - -2)) a multiple of 3?
True
Let l(d) = -15*d + 28. Is l(-4) a multiple of 44?
True
Let a(j) = -4 - 4 + 4*j + 2. Does 5 divide a(5)?
False
Suppose -3*x + 84 = -5*t, 4*x - 2*t - 112 = -0*x. Does 14 divide x?
True
Is 8 a factor of ((-30)/20)/((-1)/14)?
False
Suppose 5*s + 3 = -2. Let d be (-7)/(-4) - s/4. Suppose d*u = 4*u - 50. Is u a multiple of 11?
False
Suppose 3*s + 1 = 16. Let c be (4/s)/((-2)/(-5)). Suppose c*o = -o - 3*x + 84, 0 = 5*o + 3*x - 140. Does 11 divide o?
False
Let g(c) = c**2 - 3*c - 4. Does 15 divide g(14)?
True
Let m(d) = -14*d + 1. Suppose -j + 15 = -2*c - 3*c, -c = 4*j - 18. Does 13 divide m(c)?
False
Let p(b) = 2 + 3*b**2 - 9 - 2*b**2 + 6*b. Let k be p(-6). Is 7*(48/k)/(-4) a multiple of 12?
True
Let b = -45 - -93. Does 12 divide b?
True
Let g be 0 - (-1 + 17)*-8. Suppose -g - 68 = -4*l. Does 19 divide l?
False
Suppose 6*a - 5*a = 3. Suppose -l - a*l = -240. Is l a multiple of 15?
True
Let x(g) = 25*g**2 - g + 1. Suppose -o = 5*p + o - 13, 0 = -5*p + 2*o - 3. Is x(p) a multiple of 15?
False
Let v = -1 + 1. Suppose v*b = 2*b - 26. Suppose 4*u - b - 7 = 0. Does 5 divide u?
True
Let y(j) = j + 1. Let h(t) = -t**2 - 7*t + 2. Let k(n) = h(n) - 2*y(n). Is 4 a factor of k(-8)?
True
Let r(u) be the third derivative of u**5/60 - u**4/24 - 7*u**3/6 - 7*u**2. Is 4 a factor of r(5)?
False
Suppose 2*q + 191 = o + 621, 4*q - 5*o = 854. Is 16 a factor of q?
False
Suppose -2*r + 180 = r. Suppose -2*d = -4*d + r. Does 9 divide (12/(-5))/((-4)/d)?
True
Let f = 1121 - 650. Does 15 divide f?
False
Suppose -9*h + 661 = -95. Is 4 a factor of h?
True
Let r be (-26)/(-10) - (-3)/(-5). Suppose 2*d + r*d = 72. Is 9 a factor of d?
True
Let v(h) = h**2 - 5*h + 10. Let l be 2/(-4) - (-17)/2. Does 17 divide v(l)?
True
Let d(w) = 2*w + 3. Let x be d(0). Suppose 2*k = 4*s + 5 + 31, -x*k + 4*s + 46 = 0. Is 10 a factor of k?
True
Let o = 38 + -3. Is 6 a factor of o?
False
Suppose o = -0*o. Let y be 55 - (-1 + o/3). Suppose 5*l = l + y. Is l a multiple of 6?
False
Let s(i) = i**2 + 7*i + 9. Let v be s(-6). Suppose v*f - 2*b + 7*b = 36, 0 = f + 2*b - 11. Does 15 divide f?
False
Suppose 4*l - 140 = -4*u, -5*u - 185 = 4*l - 9*l. Does 18 divide l?
True
Is 32 a factor of -1*((-1)/(-1) - 104)?
False
Let l be 0/(-1) - (-18)/3. Let v be (-4)/3*(-9)/l. Suppose 0 = -5*g + g + 4*w + 36, v*g = 4*w + 16. Is g a multiple of 4?
False
Let y(c) = -10*c - 9. Suppose 2*v + 6 = -8. Is y(v) a multiple of 17?
False
Suppose -4*b - 2*b + 114 = 0. Is b a multiple of 19?
True
Is 0 + -1 - (-303 + 3 + 0) a multiple of 13?
True
Let q be ((-2)/4)/(2/(-1024)). Is 11 a factor of q/12 + 2/3?
True
Let k = -2 - -2. Suppose 0 = -k*b - 2*b. Is 14 a factor of (2 - -25)/(1 + b)?
False
Let k(i) be the first derivative of -3*i**4/4 - 2*i + 2. Is k(-2) a multiple of 10?
False
Let i be 0 - 1/(3/(-9)). Suppose 0*j - i*j = 264. Is 6 a factor of j/(-5) - 2/(-5)?
True
Let r(p) = 3*p - 4. Let i(l) = -13*l + 15. Let y(a) = 2*i(a) + 9*r(a). Let b be y(-5). Is 11 a factor of 2*2/((-4)/b)?
True
Let q be 38/(-4) - 2/(-4). Let c = q - 1. Let f = c + 16. Is f a multiple of 4?
False
Suppose 11*d - 429 - 165 = 0. Is 18 a factor of d?
True
Let v(z) = -z**2 - 8*z - 7. Let g be v(-5). Is 6 a factor of g - (7 + -3 + -2)?
True
Let s(h) = 7*h**2 + 7*h + 11. Let g(b) = -4*b**2 - 3*b - 6. Let n(c) = 5*g(c) + 3*s(c). Let m be n(-7). Suppose m = 2*t - 18. Is 14 a factor of t?
True
Let w(t) = 4*t + 1. Let c be w(6). Suppose 5*b + 5*f = c + 75, 4*b - 4*f - 48 = 0. Is 8 a factor of b?
True
Suppose -o - 12 = o. Let v = o + 2. Is 8 a factor of (-105)/(-14) + (-2)/v?
True
Let m(c) = -3*c - c + 0*c + 2. Is m(-8) a multiple of 17?
True
Let j(i) = 5*i + 4. Let z be j(-6). Let w = z + 62. Is 9 a factor of w?
True
Let d(n) = 8*n**2 - 3*n. Suppose -v = -0*v - 3. Does 20 divide d(v)?
False
Let v = -26 + 68. Does 11 divide v?
False
Let d(a) = a**3 - 8*a**2 + a - 10. Let j be d(8). Is 14 a factor of j/(-7) - 1164/(-42)?
True
Let x be 1/(3/(9/(-3))). Let c be 10/x*(-6)/4. Suppose 3*d = c + 36. Is 14 a factor of d?
False
Let v(g) = 0*g**2 + 4 + 2*g**2 - 3*g - g**2. Does 8 divide v(4)?
True
Let c = -10 + 28. Does 4 divide c?
False
Let j(p) = 2*p + 10. Does 11 divide j(6)?
True
Suppose -2*b = 2*r + 18, -2*r + 3 = -2*b + r. Let i(v) be the second derivative of v**5/20 + 5*v**4/12 - 7*v**3/6 + 3*v**2 + v. Does 11 divide i(b)?
False
Let x = -1 - -6. Suppose 4*h = 3*h + 5*l - 7, x*l = 2*h - 11. Does 9 divide h?
True
Let y(b) = b**3 - 4*b**2 + b + 2. Let v be y(5). Suppose 3*j - j - v = -3*r, -5*j - 25 = -3*r. Is r a multiple of 5?
True
Suppose -26*h + 20*h = -660. Is h a multiple of 16?
False
Suppose 1 = v + 9. Does 8 divide (-315)/(-12) + 2/v?
False
Let d(n) = n**3 - 4*n**2 - 4*n - 1. Let g be d(5). Let b be (g + 1/(-1))/1. Suppose 2*v + l + 16 = 51, -39 = -2*v + b*l. Does 5 divide v?
False
Let s be 48 + -2 + 2 + 1. Suppose 2*f - f = -4*y + s, 0 = 4*y - 2*f - 34. Suppose p + 3*c - 4 = 0, 2*p = 2*c + 29 + y. Does 16 divide p?
True
Let n(d) = d**2 + d + 5. Let z be n(0). Suppose 2*t - u = 4*u + 4, -z*u + 56 = 3*t. Is t a multiple of 6?
True
Suppose -5*m + 0*a - 3*a = -87, 2 = -2*a. Is m a multiple of 6?
True
Let g(a) = 181*a**3 - a**2 + 1. Is 20 a factor of g(1)?
False
Suppose 78 = 3*b - 2*b + i, -4*i + 237 = 3*b. Suppose -9*a + 4*a + b = 0. Is a a multiple of 13?
False
Let p = -5 - -10. Suppose 4*m - 3 = 4*u + 5, 0 = -p*m - 2*u + 24. Is 2 a factor of m?
True
Suppose 4*p - 139 - 441 = 0. Is p a multiple of 22?
False
Let s(b) = -26*b. Doe